{"id":9,"date":"2019-09-01T19:48:14","date_gmt":"2019-09-01T17:48:14","guid":{"rendered":"http:\/\/ukssatori.esy.es\/?page_id=9"},"modified":"2019-09-01T20:48:51","modified_gmt":"2019-09-01T18:48:51","slug":"grupy","status":"publish","type":"page","link":"https:\/\/ukssatori.esy.es\/index.php\/grupy\/","title":{"rendered":"GRUPY"},"content":{"rendered":"\n<p>W naszym klubie\nka\u017cdy nowy cz\u0142onek zostaje przyporz\u0105dkowany do konkretnej grupy\nwiekowej, kt\u00f3ra powinna odzwierciedla\u0107 poziom jego zaawansowania\noraz umiej\u0119tno\u015bci sportowych.<\/p>\n\n\n\n<p>Nasi trenerzy nie\nbez powodu prowadz\u0105 kilka zr\u00f3\u017cnicowanych grup treningowych.\nPodzia\u0142 trenuj\u0105cych pozwala na optymalne dobranie formy oraz czasu\ntrwania treningu. Instruktorzy dla ka\u017cdej z grup przygotowuj\u0105 inny\nplan treningowy, a to wszystko po to, by efekty zaj\u0119\u0107 by\u0142y jak\nnajlepsze a intensywno\u015b\u0107 \u0107wicze\u0144 dopasowana do wydolno\u015bci i\numiej\u0119tno\u015bci klubowicz\u00f3w. Ma to tak\u017ce du\u017cy wp\u0142yw na zdrowie i\nsamopoczucie \u2013 bardzo wa\u017cne jest, aby dawka wysi\u0142ku fizycznego\nby\u0142a odpowiednia.<\/p>\n\n\n\n<p>Zapraszamy do\nzapoznania si\u0119 z charakterystyk\u0105 poszczeg\u00f3lnych grup.<\/p>\n","protected":false},"excerpt":{"rendered":"<p>W naszym klubie ka\u017cdy nowy cz\u0142onek zostaje przyporz\u0105dkowany do konkretnej grupy wiekowej, kt\u00f3ra powinna odzwierciedla\u0107 poziom jego zaawansowania oraz umiej\u0119tno\u015bci sportowych. Nasi trenerzy nie bez powodu prowadz\u0105 kilka zr\u00f3\u017cnicowanych grup treningowych. Podzia\u0142 trenuj\u0105cych pozwala na optymalne dobranie formy oraz czasu trwania treningu. Instruktorzy dla ka\u017cdej z grup przygotowuj\u0105 inny plan treningowy, a to wszystko po &hellip; <\/p>\n<p class=\"link-more\"><a href=\"https:\/\/ukssatori.esy.es\/index.php\/grupy\/\" class=\"more-link\">Continue reading<span class=\"screen-reader-text\"> &#8222;GRUPY&#8221;<\/span><\/a><\/p>\n","protected":false},"author":1,"featured_media":0,"parent":0,"menu_order":0,"comment_status":"closed","ping_status":"closed","template":"","meta":{"_mc_calendar":[],"footnotes":""},"class_list":["post-9","page","type-page","status-publish","hentry"],"_links":{"self":[{"href":"https:\/\/ukssatori.esy.es\/index.php\/wp-json\/wp\/v2\/pages\/9","targetHints":{"allow":["GET"]}}],"collection":[{"href":"https:\/\/ukssatori.esy.es\/index.php\/wp-json\/wp\/v2\/pages"}],"about":[{"href":"https:\/\/ukssatori.esy.es\/index.php\/wp-json\/wp\/v2\/types\/page"}],"author":[{"embeddable":true,"href":"https:\/\/ukssatori.esy.es\/index.php\/wp-json\/wp\/v2\/users\/1"}],"replies":[{"embeddable":true,"href":"https:\/\/ukssatori.esy.es\/index.php\/wp-json\/wp\/v2\/comments?post=9"}],"version-history":[{"count":2,"href":"https:\/\/ukssatori.esy.es\/index.php\/wp-json\/wp\/v2\/pages\/9\/revisions"}],"predecessor-version":[{"id":70,"href":"https:\/\/ukssatori.esy.es\/index.php\/wp-json\/wp\/v2\/pages\/9\/revisions\/70"}],"wp:attachment":[{"href":"https:\/\/ukssatori.esy.es\/index.php\/wp-json\/wp\/v2\/media?parent=9"}],"curies":[{"name":"wp","href":"https:\/\/api.w.org\/{rel}","templated":true}]}}